 3464497?
7
What is the ten thousands digit of 10170405?
7
What is the tens digit of 667731?
3
What is the hundred thousands digit of 6012433?
0
What is the tens digit of 2555779?
7
What is the hundred thousands digit of 9218205?
2
What is the ten millions digit of 10514003?
1
What is the hundreds digit of 141899?
8
What is the units digit of 6229886?
6
What is the hundred thousands digit of 582522?
5
What is the hundred thousands digit of 506885?
5
What is the units digit of 335825?
5
What is the hundreds digit of 849438?
4
What is the thousands digit of 2388686?
8
What is the ten thousands digit of 1813201?
1
What is the ten thousands digit of 249669?
4
What is the hundred thousands digit of 445620?
4
What is the hundred thousands digit of 9913134?
9
What is the hundred thousands digit of 4069414?
0
What is the hundreds digit of 218729?
7
What is the units digit of 2042527?
7
What is the hundred thousands digit of 342004?
3
What is the hundred thousands digit of 731625?
7
What is the hundred thousands digit of 15501715?
5
What is the hundred thousands digit of 17342757?
3
What is the units digit of 5046843?
3
What is the hundred thousands digit of 444702?
4
What is the thousands digit of 521568?
1
What is the ten thousands digit of 6698796?
9
What is the hundreds digit of 7006?
0
What is the hundred thousands digit of 160939?
1
What is the hundreds digit of 123632?
6
What is the hundreds digit of 6622?
6
What is the units digit of 1194506?
6
What is the millions digit of 11180859?
1
What is the units digit of 2003668?
8
What is the tens digit of 330662?
6
What is the hundred thousands digit of 1738607?
7
What is the thousands digit of 756875?
6
What is the hundred thousands digit of 120431?
1
What is the tens digit of 10240159?
5
What is the ten thousands digit of 346419?
4
What is the units digit of 195722?
2
What is the ten thousands digit of 48358?
4
What is the thousands digit of 653144?
3
What is the hundreds digit of 9542138?
1
What is the ten thousands digit of 34859?
3
What is the hundreds digit of 1218998?
9
What is the thousands digit of 6365701?
5
What is the units digit of 1074820?
0
What is the ten thousands digit of 3078083?
7
What is the ten thousands digit of 182724?
8
What is the millions digit of 20520636?
0
What is the hundreds digit of 1652100?
1
What is the millions digit of 3587996?
3
What is the units digit of 22490503?
3
What is the thousands digit of 2977673?
7
What is the hundreds digit of 581598?
5
What is the tens digit of 8636?
3
What is the thousands digit of 2608328?
8
What is the tens digit of 4129319?
1
What is the hundred thousands digit of 925210?
9
What is the hundred thousands digit of 24298262?
2
What is the hundreds digit of 296355?
3
What is the units digit of 1914190?
0
What is the units digit of 204100?
0
What is the thousands digit of 283958?
3
What is the units digit of 1227585?
5
What is the tens digit of 2381562?
6
What is the tens digit of 85238?
3
What is the thousands digit of 68290?
8
What is the units digit of 260609?
9
What is the millions digit of 9123853?
9
What is the thousands digit of 258441?
8
What is the hundreds digit of 88343?
3
What is the units digit of 33354437?
7
What is the ten millions digit of 11913758?
1
What is the hundred thousands digit of 786430?
7
What is the hundreds digit of 1859890?
8
What is the thousands digit of 494556?
4
What is the thousands digit of 25267511?
7
What is the hundred thousands digit of 1178808?
1
What is the units digit of 158141?
1
What is the ten thousands digit of 3439153?
3
What is the hundred thousands digit of 284364?
2
What is the hundred thousands digit of 9301986?
3
What is the hundred thousands digit of 14321484?
3
What is the tens digit of 1121612?
1
What is the hundreds digit of 3969846?
8
What is the hundred thousands digit of 1704497?
7
What is the millions digit of 3573487?
3
What is the units digit of 420804?
4
What is the hundreds digit of 13130898?
8
What is the thousands digit of 20261?
0
What is the units digit of 1821336?
6
What is the units digit of 5475923?
3
What is the thousands digit of 48174?
8
What is the hundred thousands digit of 580038?
5
What is the units digit of 101454?
4
What is the thousands digit of 254747?
4
What is the tens digit of 330229?
2
What is the hundred thousands digit of 835510?
8
What is the ten thousands digit of 133613?
3
What is the hundred thousands digit of 936955?
9
What is the ten thousands digit of 519028?
1
What is the hundred thousands digit of 1062476?
0
What is the ten thousands digit of 3375623?
7
What is the tens digit of 24959109?
0
What is the millions digit of 9212155?
9
What is the ten thousands digit of 291120?
9
What is the millions digit of 2208033?
2
What is the hundreds digit of 470427?
4
What is the units digit of 3931856?
6
What is the units digit of 235899?
9
What is the thousands digit of 22952724?
2
What is the ten thousands digit of 18136401?
3
What is the hundreds digit of 34140239?
2
What is the tens digit of 622501?
0
What is the units digit of 825979?
9
What is the hundreds digit of 1964677?
6
What is the units digit of 424755?
5
What is the millions digit of 11501467?
1
What is the tens digit of 367620?
2
What is the thousands digit of 3137779?
7
What is the tens digit of 1007496?
9
What is the thousands digit of 851819?
1
What is the units digit of 2540257?
7
What is the hundreds digit of 9001653?
6
What is the tens digit of 165598?
9
What is the hundred thousands digit of 347172?
3
What is the ten thousands digit of 226440?
2
What is the hundred thousands digit of 427488?
4
What is the ten thousands digit of 12864790?
6
What is the ten thousands digit of 8045816?
4
What is the thousands digit of 828046?
8
What is the units digit of 979359?
9
What is the hundred thousands digit of 4910989?
9
What is the hundred thousands digit of 324667?
3
What is the hundreds digit of 167853?
8
What is the tens digit of 205046?
4
What is the ten thousands digit of 4343836?
4
What is the hundreds digit of 19522667?
6
What is the hundred thousands digit of 1336284?
3
What is the tens digit of 522045?
4
What is the thousands digit of 145032?
5
What is the tens digit of 1360072?
7
What is the units digit of 15246?
6
What is the units digit of 2188109?
9
What is the ten thousands digit of 27077346?
7
What is the thousands digit of 13215839?
5
What is the units digit of 92616?
6
What is the thousands digit of 2451623?
1
What is the thousands digit of 1519549?
9
What is the thousands digit of 506564?
6
What is the thousands digit of 215228?
5
What is the units digit of 712124?
4
What is the hundred thousands digit of 4972976?
9
What is the ten thousands digit of 1539142?
3
What is the units digit of 29277393?
3
What is the ten millions digit of 10089660?
1
What is the ten thousands digit of 897649?
9
What is the hundred thousands digit of 9269139?
2
What is the thousands digit of 6153366?
3
What is the tens digit of 2322761?
6
What is the hundreds digit of 798?
7
What is the tens digit of 1483293?
9
What is the thousands digit of 11836541?
6
What is the units digit of 449934?
4
What is the hundreds digit of 66964?
9
What is the units digit of 85471?
1
What is the thousands digit of 668772?
8
What is the ten thousands digit of 6283158?
8
What is the hundreds digit of 1270209?
2
What is the hundreds digit of 30327391?
3
What is the units digit of 6284753?
3
What is the tens digit of 69553?
5
What is the hundred thousands digit of 11806347?
8
What is the hundreds digit of 642956?
9
What is the thousands digit of 13592952?
2
What is the hundreds digit of 113654?
6
What is the thousands digit of 978326?
8
What is the units digit of 3335526?
6
What is the thousands digit of 16158229?
8
What is the hundred thousands digit of 577009?
5
What is the hundred thousands digit of 4000034?
0
What is the tens digit of 893840?
4
What is the hundreds digit of 18632134?
1
What is the tens digit of 2477767?
6
What is the units digit of 1840341?
1
What is the ten thousands digit of 4576568?
7
What is the thousands digit of 3635691?
5
What is the hundred thousands digit of 185634?
1
What is the tens digit of 44273?
7
What is the thousands digit of 916790?
6
What is the thousands digit of 273722?
3
What